{"id":9319,"date":"2023-11-14T11:12:56","date_gmt":"2023-11-14T10:12:56","guid":{"rendered":"https:\/\/dev.leboisdelagachere.com\/gute-gruende-fuer-einen-besuch-im-bois-de-la-gachere\/"},"modified":"2023-12-18T11:25:13","modified_gmt":"2023-12-18T10:25:13","slug":"gute-gruende-fuer-einen-besuch-im-bois-de-la-gachere","status":"publish","type":"page","link":"https:\/\/leboisdelagachere.com\/de\/gute-gruende-fuer-einen-besuch-im-bois-de-la-gachere\/","title":{"rendered":"Gute Gr\u00fcnde f\u00fcr einen Besuch im Bois de la Gach\u00e8re"},"content":{"rendered":"\n<h1 class=\"wp-block-heading\">Gute Gr\u00fcnde f\u00fcr einen Besuch im Bois de la Gach\u00e8re<\/h1>\n\n\n\n<div class=\"wp-block-group alignfull has-background is-layout-constrained wp-block-group-is-layout-constrained\" style=\"background-color:#026678\">\n<div class=\"wp-block-sev-overlay-banner alignfull is-style-image_left\" id=\"boisverdon\" style=\"margin-top:var(--wp--preset--spacing--80);margin-bottom:0;padding-top:var(--wp--preset--spacing--80);padding-right:0;padding-bottom:var(--wp--preset--spacing--80);padding-left:var(--wp--preset--spacing--60)\"><div class=\"wp-block-sev-overlay-banner-image\" style=\"flex-basis:55%\"><img decoding=\"async\" src=\"https:\/\/leboisdelagachere.com\/wp-content\/uploads\/2023\/11\/les-sables-dolonne-e1699957480534.jpg\" alt=\"\"\/><\/div><div class=\"wp-block-sev-overlay-banner-content\" style=\"flex-basis:calc( ( 100% - 55% ) + 10% )\">\n<h2 class=\"wp-block-heading has-text-color has-link-color wp-elements-608b62e303719324db532e6a9f61e6e4\" style=\"color:#026678\"><img decoding=\"async\" class=\"wp-image-7345\" style=\"width: 30px;\" src=\"https:\/\/leboisdelagachere.com\/wp-content\/uploads\/2023\/11\/guillemet1.png\" alt=\"camping in der Vend\u00e9e\">  Ein Campingplatz mit direktem Zugang zum Strand :<\/h2>\n\n\n\n<p>Unser 4-Sterne-Campingplatz genie\u00dft eine <strong>privilegierte Lage<\/strong> <a href=\"https:\/\/leboisdelagachere.com\/de\/durch-die-staedte-streifen\/les-sables-dolonne\/\" data-type=\"page\" data-id=\"7890\">in Les Sables d&#8217;Olonne<\/a>. Er geh\u00f6rt zu den wenigen Campingpl\u00e4tzen, die sich r\u00fchmen k\u00f6nnen, einen <strong>direkten Zugang zum <a href=\"https:\/\/leboisdelagachere.com\/de\/die-straende\/\" data-type=\"page\" data-id=\"7864\">Strand<\/a> zu<\/strong> haben. Dies ist ein gro\u00dfer Vorteil, der nat\u00fcrlich von Familien gesch\u00e4tzt wird, zumal der Plage de la Gach\u00e8re f\u00fcr seine Ruhe bekannt ist.<\/p>\n<\/div><\/div>\n\n\n\n<figure class=\"wp-block-image aligncenter size-full is-resized\"><img loading=\"lazy\" decoding=\"async\" width=\"817\" height=\"174\" src=\"https:\/\/leboisdelagachere.com\/wp-content\/uploads\/2023\/11\/trait.png\" alt=\"\" class=\"wp-image-7496\" style=\"width:150px\" srcset=\"https:\/\/leboisdelagachere.com\/wp-content\/uploads\/2023\/11\/trait.png 817w, https:\/\/leboisdelagachere.com\/wp-content\/uploads\/2023\/11\/trait-300x64.png 300w, https:\/\/leboisdelagachere.com\/wp-content\/uploads\/2023\/11\/trait-768x164.png 768w\" sizes=\"auto, (max-width: 817px) 100vw, 817px\" \/><\/figure>\n\n\n\n<div class=\"wp-block-sev-overlay-banner alignfull is-style-image_right\" id=\"boisverdon\" style=\"padding-top:var(--wp--preset--spacing--80);padding-right:0;padding-bottom:var(--wp--preset--spacing--80);padding-left:var(--wp--preset--spacing--60)\"><div class=\"wp-block-sev-overlay-banner-image\" style=\"flex-basis:55%\"><img decoding=\"async\" src=\"https:\/\/leboisdelagachere.com\/wp-content\/uploads\/2023\/11\/La_Gachere_28062023_056_0-e1699958548409.jpg\" alt=\"\"\/><\/div><div class=\"wp-block-sev-overlay-banner-content\" style=\"flex-basis:calc( ( 100% - 55% ) + 10% )\">\n<h2 class=\"wp-block-heading has-text-color has-link-color wp-elements-8f85650f02a96a57187ca134e231f232\" style=\"color:#026678\"><img decoding=\"async\" class=\"wp-image-7345\" style=\"width: 30px;\" src=\"https:\/\/leboisdelagachere.com\/wp-content\/uploads\/2023\/11\/guillemet1.png\" alt=\"camping in der Vend\u00e9e\">  Ein au\u00dfergew\u00f6hnlicher Rahmen<\/h2>\n\n\n\n<p>Wir haben das Gl\u00fcck, Ihnen <a href=\"https:\/\/leboisdelagachere.com\/de\/standorte\/\" data-type=\"page\" data-id=\"7713\">Stellpl\u00e4tze <\/a>und <a href=\"https:\/\/leboisdelagachere.com\/de\/unterkuenfte\/\" data-type=\"page\" data-id=\"6946\">Mietunterk\u00fcnfte <\/a>in einer <strong>genialen Umgebung<\/strong> anbieten zu k\u00f6nnen. Im Herzen des Pinienwaldes werden Sie die Pr\u00e4senz der B\u00e4ume genie\u00dfen und den ganz besonderen Duft der Strandkiefern wahrnehmen, der Erinnerungen an einen Urlaub am Strand wecken wird. Ja, die <strong>Natur <\/strong>ist hier <strong>allgegenw\u00e4rtig <\/strong>und wird verw\u00f6hnt.<\/p>\n<\/div><\/div>\n\n\n\n<figure class=\"wp-block-image aligncenter size-full is-resized\"><img loading=\"lazy\" decoding=\"async\" width=\"817\" height=\"174\" src=\"https:\/\/leboisdelagachere.com\/wp-content\/uploads\/2023\/11\/trait.png\" alt=\"\" class=\"wp-image-7496\" style=\"width:150px\" srcset=\"https:\/\/leboisdelagachere.com\/wp-content\/uploads\/2023\/11\/trait.png 817w, https:\/\/leboisdelagachere.com\/wp-content\/uploads\/2023\/11\/trait-300x64.png 300w, https:\/\/leboisdelagachere.com\/wp-content\/uploads\/2023\/11\/trait-768x164.png 768w\" sizes=\"auto, (max-width: 817px) 100vw, 817px\" \/><\/figure>\n\n\n\n<div class=\"wp-block-sev-overlay-banner alignfull is-style-image_left\" id=\"boisverdon\" style=\"padding-top:var(--wp--preset--spacing--80);padding-right:0;padding-bottom:var(--wp--preset--spacing--80);padding-left:var(--wp--preset--spacing--60)\"><div class=\"wp-block-sev-overlay-banner-image\" style=\"flex-basis:55%\"><img decoding=\"async\" src=\"https:\/\/leboisdelagachere.com\/wp-content\/uploads\/2023\/11\/La_Gachere_28062023_058_0-e1699958993257.jpg\" alt=\"\"\/><\/div><div class=\"wp-block-sev-overlay-banner-content\" style=\"flex-basis:calc( ( 100% - 55% ) + 10% )\">\n<h2 class=\"wp-block-heading has-text-color has-link-color wp-elements-2a9b2919d76351c75145aff1086178a3\" style=\"color:#026678\"><img decoding=\"async\" class=\"wp-image-7345\" style=\"width: 30px;\" src=\"https:\/\/leboisdelagachere.com\/wp-content\/uploads\/2023\/11\/guillemet1.png\" alt=\"camping in der Vend\u00e9e\">  Eine famili\u00e4re und freundliche Atmosph\u00e4re :<\/h2>\n\n\n\n<p>Auf dem Campingplatz La Gach\u00e8re<strong> ist gute Laune<\/strong>ein Muss&#8230; Hier tauscht man sich aus, kn\u00fcpft Verbindungen und pflegt die Werte des Zusammenlebens. Respekt vor den Orten, vor anderen Menschen, Geselligkeit und Kameradschaft sind hier nicht nur Worte. Das ist eine Geisteshaltung, die wir pflegen. Das ist die Regel der drei R: Lachen, Begegnungen und wohlverdiente Ruhe.<\/p>\n<\/div><\/div>\n\n\n\n<figure class=\"wp-block-image aligncenter size-full is-resized\"><img loading=\"lazy\" decoding=\"async\" width=\"817\" height=\"174\" src=\"https:\/\/leboisdelagachere.com\/wp-content\/uploads\/2023\/11\/trait.png\" alt=\"\" class=\"wp-image-7496\" style=\"width:150px\" srcset=\"https:\/\/leboisdelagachere.com\/wp-content\/uploads\/2023\/11\/trait.png 817w, https:\/\/leboisdelagachere.com\/wp-content\/uploads\/2023\/11\/trait-300x64.png 300w, https:\/\/leboisdelagachere.com\/wp-content\/uploads\/2023\/11\/trait-768x164.png 768w\" sizes=\"auto, (max-width: 817px) 100vw, 817px\" \/><\/figure>\n\n\n\n<div class=\"wp-block-sev-overlay-banner alignfull is-style-image_right\" id=\"boisverdon\" style=\"padding-top:var(--wp--preset--spacing--80);padding-right:0;padding-bottom:var(--wp--preset--spacing--80);padding-left:var(--wp--preset--spacing--60)\"><div class=\"wp-block-sev-overlay-banner-image\" style=\"flex-basis:55%\"><img decoding=\"async\" src=\"https:\/\/leboisdelagachere.com\/wp-content\/uploads\/2023\/11\/La_Gachere_28062023_055_0-e1699959171561.jpg\" alt=\"\"\/><\/div><div class=\"wp-block-sev-overlay-banner-content\" style=\"flex-basis:calc( ( 100% - 55% ) + 10% )\">\n<h2 class=\"wp-block-heading has-text-color has-link-color wp-elements-1ffdb0008743d50f5d36ef29d57b947b\" style=\"color:#026678\"><img decoding=\"async\" class=\"wp-image-7345\" style=\"width: 30px;\" src=\"https:\/\/leboisdelagachere.com\/wp-content\/uploads\/2023\/11\/guillemet1.png\" alt=\"camping in der Vend\u00e9e\">  Radwege ab dem Campingplatz :<\/h2>\n\n\n\n<p>Zwischen <strong>dem direkten Zugang zum <\/strong><a href=\"https:\/\/leboisdelagachere.com\/de\/die-straende\/\" data-type=\"page\" data-id=\"7864\"><strong>Strand<\/strong> <\/a>und <strong>\n  <a href=\"https:\/\/leboisdelagachere.com\/de\/rad-und-wanderwege\/\" data-type=\"page\" data-id=\"7812\">Fahrradwegen<\/a>\n<\/strong> die sich vom Campingplatz aus befinden, k\u00f6nnen Sie Ihren Autoschl\u00fcssel auf dem Tisch liegen lassen. Au\u00dferdem sind Spazierg\u00e4nge zu Fu\u00df oder mit dem Fahrrad mit der Familie oder Freunden sehr empfehlenswert.<\/p>\n<\/div><\/div>\n<\/div>\n","protected":false},"excerpt":{"rendered":"<p>Gute Gr\u00fcnde f\u00fcr einen Besuch im Bois de la Gach\u00e8re<\/p>\n","protected":false},"author":3,"featured_media":0,"parent":0,"menu_order":0,"comment_status":"closed","ping_status":"closed","template":"","meta":{"_seopress_robots_primary_cat":"","_seopress_titles_title":"Gute Gr\u00fcnde f\u00fcr einen 4-Sterne-Campingplatz","_seopress_titles_desc":"4-Sterne-Campingplatz mit direktem Zugang zum Strand, ruhiger Campingplatz im Herzen des Waldes von Sables d&#039;Olonne, famili\u00e4re und gesellige Atmosph\u00e4re.  ","_seopress_robots_index":"","footnotes":""},"class_list":["post-9319","page","type-page","status-publish","hentry"],"_links":{"self":[{"href":"https:\/\/leboisdelagachere.com\/de\/wp-json\/wp\/v2\/pages\/9319","targetHints":{"allow":["GET"]}}],"collection":[{"href":"https:\/\/leboisdelagachere.com\/de\/wp-json\/wp\/v2\/pages"}],"about":[{"href":"https:\/\/leboisdelagachere.com\/de\/wp-json\/wp\/v2\/types\/page"}],"author":[{"embeddable":true,"href":"https:\/\/leboisdelagachere.com\/de\/wp-json\/wp\/v2\/users\/3"}],"replies":[{"embeddable":true,"href":"https:\/\/leboisdelagachere.com\/de\/wp-json\/wp\/v2\/comments?post=9319"}],"version-history":[{"count":2,"href":"https:\/\/leboisdelagachere.com\/de\/wp-json\/wp\/v2\/pages\/9319\/revisions"}],"predecessor-version":[{"id":9555,"href":"https:\/\/leboisdelagachere.com\/de\/wp-json\/wp\/v2\/pages\/9319\/revisions\/9555"}],"wp:attachment":[{"href":"https:\/\/leboisdelagachere.com\/de\/wp-json\/wp\/v2\/media?parent=9319"}],"curies":[{"name":"wp","href":"https:\/\/api.w.org\/{rel}","templated":true}]}}

Gute Gründe für einen Besuch im Bois de la Gachère

<h1 class="wp-block-heading">Gute Gründe für einen Besuch im Bois de la Gachère</h1>



<div class="wp-block-group alignfull has-background is-layout-constrained wp-block-group-is-layout-constrained" style="background-color:#026678">
<div class="wp-block-sev-overlay-banner alignfull is-style-image_left" id="boisverdon" style="margin-top:var(--wp--preset--spacing--80);margin-bottom:0;padding-top:var(--wp--preset--spacing--80);padding-right:0;padding-bottom:var(--wp--preset--spacing--80);padding-left:var(--wp--preset--spacing--60)"><div class="wp-block-sev-overlay-banner-image" style="flex-basis:55%"><img decoding="async" src="https://leboisdelagachere.com/wp-content/uploads/2023/11/les-sables-dolonne-e1699957480534.jpg" alt=""/></div><div class="wp-block-sev-overlay-banner-content" style="flex-basis:calc( ( 100% - 55% ) + 10% )">
<h2 class="wp-block-heading has-text-color has-link-color wp-elements-608b62e303719324db532e6a9f61e6e4" style="color:#026678"><img decoding="async" class="wp-image-7345" style="width: 30px;" src="https://leboisdelagachere.com/wp-content/uploads/2023/11/guillemet1.png" alt="camping in der Vendée">  Ein Campingplatz mit direktem Zugang zum Strand :</h2>



<p>Unser 4-Sterne-Campingplatz genießt eine <strong>privilegierte Lage</strong> <a href="https://leboisdelagachere.com/de/durch-die-staedte-streifen/les-sables-dolonne/" data-type="page" data-id="7890">in Les Sables d&#8217;Olonne</a>. Er gehört zu den wenigen Campingplätzen, die sich rühmen können, einen <strong>direkten Zugang zum <a href="https://leboisdelagachere.com/de/die-straende/" data-type="page" data-id="7864">Strand</a> zu</strong> haben. Dies ist ein großer Vorteil, der natürlich von Familien geschätzt wird, zumal der Plage de la Gachère für seine Ruhe bekannt ist.</p>
</div></div>



<figure class="wp-block-image aligncenter size-full is-resized"><img loading="lazy" decoding="async" width="817" height="174" src="https://leboisdelagachere.com/wp-content/uploads/2023/11/trait.png" alt="" class="wp-image-7496" style="width:150px" srcset="https://leboisdelagachere.com/wp-content/uploads/2023/11/trait.png 817w, https://leboisdelagachere.com/wp-content/uploads/2023/11/trait-300x64.png 300w, https://leboisdelagachere.com/wp-content/uploads/2023/11/trait-768x164.png 768w" sizes="auto, (max-width: 817px) 100vw, 817px" /></figure>



<div class="wp-block-sev-overlay-banner alignfull is-style-image_right" id="boisverdon" style="padding-top:var(--wp--preset--spacing--80);padding-right:0;padding-bottom:var(--wp--preset--spacing--80);padding-left:var(--wp--preset--spacing--60)"><div class="wp-block-sev-overlay-banner-image" style="flex-basis:55%"><img decoding="async" src="https://leboisdelagachere.com/wp-content/uploads/2023/11/La_Gachere_28062023_056_0-e1699958548409.jpg" alt=""/></div><div class="wp-block-sev-overlay-banner-content" style="flex-basis:calc( ( 100% - 55% ) + 10% )">
<h2 class="wp-block-heading has-text-color has-link-color wp-elements-8f85650f02a96a57187ca134e231f232" style="color:#026678"><img decoding="async" class="wp-image-7345" style="width: 30px;" src="https://leboisdelagachere.com/wp-content/uploads/2023/11/guillemet1.png" alt="camping in der Vendée">  Ein außergewöhnlicher Rahmen</h2>



<p>Wir haben das Glück, Ihnen <a href="https://leboisdelagachere.com/de/standorte/" data-type="page" data-id="7713">Stellplätze </a>und <a href="https://leboisdelagachere.com/de/unterkuenfte/" data-type="page" data-id="6946">Mietunterkünfte </a>in einer <strong>genialen Umgebung</strong> anbieten zu können. Im Herzen des Pinienwaldes werden Sie die Präsenz der Bäume genießen und den ganz besonderen Duft der Strandkiefern wahrnehmen, der Erinnerungen an einen Urlaub am Strand wecken wird. Ja, die <strong>Natur </strong>ist hier <strong>allgegenwärtig </strong>und wird verwöhnt.</p>
</div></div>



<figure class="wp-block-image aligncenter size-full is-resized"><img loading="lazy" decoding="async" width="817" height="174" src="https://leboisdelagachere.com/wp-content/uploads/2023/11/trait.png" alt="" class="wp-image-7496" style="width:150px" srcset="https://leboisdelagachere.com/wp-content/uploads/2023/11/trait.png 817w, https://leboisdelagachere.com/wp-content/uploads/2023/11/trait-300x64.png 300w, https://leboisdelagachere.com/wp-content/uploads/2023/11/trait-768x164.png 768w" sizes="auto, (max-width: 817px) 100vw, 817px" /></figure>



<div class="wp-block-sev-overlay-banner alignfull is-style-image_left" id="boisverdon" style="padding-top:var(--wp--preset--spacing--80);padding-right:0;padding-bottom:var(--wp--preset--spacing--80);padding-left:var(--wp--preset--spacing--60)"><div class="wp-block-sev-overlay-banner-image" style="flex-basis:55%"><img decoding="async" src="https://leboisdelagachere.com/wp-content/uploads/2023/11/La_Gachere_28062023_058_0-e1699958993257.jpg" alt=""/></div><div class="wp-block-sev-overlay-banner-content" style="flex-basis:calc( ( 100% - 55% ) + 10% )">
<h2 class="wp-block-heading has-text-color has-link-color wp-elements-2a9b2919d76351c75145aff1086178a3" style="color:#026678"><img decoding="async" class="wp-image-7345" style="width: 30px;" src="https://leboisdelagachere.com/wp-content/uploads/2023/11/guillemet1.png" alt="camping in der Vendée">  Eine familiäre und freundliche Atmosphäre :</h2>



<p>Auf dem Campingplatz La Gachère<strong> ist gute Laune</strong>ein Muss&#8230; Hier tauscht man sich aus, knüpft Verbindungen und pflegt die Werte des Zusammenlebens. Respekt vor den Orten, vor anderen Menschen, Geselligkeit und Kameradschaft sind hier nicht nur Worte. Das ist eine Geisteshaltung, die wir pflegen. Das ist die Regel der drei R: Lachen, Begegnungen und wohlverdiente Ruhe.</p>
</div></div>



<figure class="wp-block-image aligncenter size-full is-resized"><img loading="lazy" decoding="async" width="817" height="174" src="https://leboisdelagachere.com/wp-content/uploads/2023/11/trait.png" alt="" class="wp-image-7496" style="width:150px" srcset="https://leboisdelagachere.com/wp-content/uploads/2023/11/trait.png 817w, https://leboisdelagachere.com/wp-content/uploads/2023/11/trait-300x64.png 300w, https://leboisdelagachere.com/wp-content/uploads/2023/11/trait-768x164.png 768w" sizes="auto, (max-width: 817px) 100vw, 817px" /></figure>



<div class="wp-block-sev-overlay-banner alignfull is-style-image_right" id="boisverdon" style="padding-top:var(--wp--preset--spacing--80);padding-right:0;padding-bottom:var(--wp--preset--spacing--80);padding-left:var(--wp--preset--spacing--60)"><div class="wp-block-sev-overlay-banner-image" style="flex-basis:55%"><img decoding="async" src="https://leboisdelagachere.com/wp-content/uploads/2023/11/La_Gachere_28062023_055_0-e1699959171561.jpg" alt=""/></div><div class="wp-block-sev-overlay-banner-content" style="flex-basis:calc( ( 100% - 55% ) + 10% )">
<h2 class="wp-block-heading has-text-color has-link-color wp-elements-1ffdb0008743d50f5d36ef29d57b947b" style="color:#026678"><img decoding="async" class="wp-image-7345" style="width: 30px;" src="https://leboisdelagachere.com/wp-content/uploads/2023/11/guillemet1.png" alt="camping in der Vendée">  Radwege ab dem Campingplatz :</h2>



<p>Zwischen <strong>dem direkten Zugang zum </strong><a href="https://leboisdelagachere.com/de/die-straende/" data-type="page" data-id="7864"><strong>Strand</strong> </a>und <strong>
  <a href="https://leboisdelagachere.com/de/rad-und-wanderwege/" data-type="page" data-id="7812">Fahrradwegen</a>
</strong> die sich vom Campingplatz aus befinden, können Sie Ihren Autoschlüssel auf dem Tisch liegen lassen. Außerdem sind Spaziergänge zu Fuß oder mit dem Fahrrad mit der Familie oder Freunden sehr empfehlenswert.</p>
</div></div>
</div>

<p>Gute Gründe für einen Besuch im Bois de la Gachère</p>

Gute Gründe für einen 4-Sterne-Campingplatz

4-Sterne-Campingplatz mit direktem Zugang zum Strand, ruhiger Campingplatz im Herzen des Waldes von Sables d&#039;Olonne, familiäre und gesellige Atmosphäre.
